me factors of 3066.
2, 3, 7, 73
List the prime factors of 1659.
3, 7, 79
List the prime factors of 4040.
2, 5, 101
List the prime factors of 35068.
2, 11, 797
List the prime factors of 4832.
2, 151
What are the prime factors of 11068?
2, 2767
What are the prime factors of 4040?
2, 5, 101
What are the prime factors of 10316?
2, 2579
List the prime factors of 22981.
7, 67
List the prime factors of 6216.
2, 3, 7, 37
What are the prime factors of 100098?
2, 3, 67, 83
What are the prime factors of 308?
2, 7, 11
List the prime factors of 1356.
2, 3, 113
List the prime factors of 14516.
2, 19, 191
What are the prime factors of 135826?
2, 113, 601
What are the prime factors of 1208?
2, 151
List the prime factors of 591.
3, 197
What are the prime factors of 13142?
2, 6571
What are the prime factors of 11757?
3, 3919
List the prime factors of 22699.
22699
What are the prime factors of 39335?
5, 7867
What are the prime factors of 10721?
71, 151
List the prime factors of 10727.
17, 631
What are the prime factors of 168?
2, 3, 7
What are the prime factors of 393?
3, 131
What are the prime factors of 134?
2, 67
List the prime factors of 3685.
5, 11, 67
List the prime factors of 18214.
2, 7, 1301
What are the prime factors of 1120?
2, 5, 7
List the prime factors of 5806.
2, 2903
What are the prime factors of 1783?
1783
List the prime factors of 5516.
2, 7, 197
What are the prime factors of 9925?
5, 397
List the prime factors of 17523.
3, 11, 59
List the prime factors of 7860.
2, 3, 5, 131
What are the prime factors of 27069?
3, 7, 1289
List the prime factors of 457.
457
What are the prime factors of 3108?
2, 3, 7, 37
List the prime factors of 2477.
2477
What are the prime factors of 13978?
2, 29, 241
List the prime factors of 13438.
2, 6719
List the prime factors of 58105.
5, 11621
What are the prime factors of 4830?
2, 3, 5, 7, 23
What are the prime factors of 2594?
2, 1297
List the prime factors of 1437.
3, 479
What are the prime factors of 890?
2, 5, 89
What are the prime factors of 2130?
2, 3, 5, 71
What are the prime factors of 462?
2, 3, 7, 11
What are the prime factors of 3088?
2, 193
List the prime factors of 889.
7, 127
What are the prime factors of 3?
3
What are the prime factors of 70820?
2, 5, 3541
What are the prime factors of 2090?
2, 5, 11, 19
List the prime factors of 4774.
2, 7, 11, 31
List the prime factors of 14621.
14621
What are the prime factors of 21782?
2, 10891
What are the prime factors of 286?
2, 11, 13
What are the prime factors of 85734?
2, 3, 11, 433
What are the prime factors of 731?
17, 43
List the prime factors of 1513.
17, 89
List the prime factors of 1975.
5, 79
What are the prime factors of 111400?
2, 5, 557
What are the prime factors of 1067?
11, 97
List the prime factors of 5459.
53, 103
What are the prime factors of 1172?
2, 293
What are the prime factors of 1694?
2, 7, 11
What are the prime factors of 24722?
2, 47, 263
What are the prime factors of 966?
2, 3, 7, 23
What are the prime factors of 6983?
6983
List the prime factors of 2395.
5, 479
List the prime factors of 1047.
3, 349
List the prime factors of 14387.
14387
What are the prime factors of 3671?
3671
What are the prime factors of 35922?
2, 3, 5987
List the prime factors of 243.
3
What are the prime factors of 2567?
17, 151
List the prime factors of 102541.
41, 61
List the prime factors of 3312.
2, 3, 23
List the prime factors of 793.
13, 61
What are the prime factors of 582?
2, 3, 97
What are the prime factors of 282?
2, 3, 47
What are the prime factors of 3007?
31, 97
List the prime factors of 55178.
2, 47, 587
What are the prime factors of 5502?
2, 3, 7, 131
List the prime factors of 27810.
2, 3, 5, 103
What are the prime factors of 88658?
2, 97, 457
What are the prime factors of 23966?
2, 23, 521
List the prime factors of 733.
733
What are the prime factors of 9970?
2, 5, 997
List the prime factors of 1916.
2, 479
What are the prime factors of 1330?
2, 5, 7, 19
What are the prime factors of 2144?
2, 67
List the prime factors of 11086.
2, 23, 241
List the prime factors of 3409.
7, 487
List the prime factors of 68899.
68899
What are the prime factors of 8090?
2, 5, 809
List the prime factors of 75536.
2, 4721
List the prime factors of 11887.
11887
What are the prime factors of 2774?
2, 19, 73
What are the prime factors of 32659?
11, 2969
What are the prime factors of 3636?
2, 3, 101
What are the prime factors of 19119?
3, 6373
List the prime factors of 1117.
1117
List the prime factors of 3022.
2, 1511
List the prime factors of 14621.
14621
List the prime factors of 730.
2, 5, 73
What are the prime factors of 145?
5, 29
List the prime factors of 759.
3, 11, 23
List the prime factors of 74383.
74383
List the prime factors of 25288.
2, 29, 109
What are the prime factors of 45233?
45233
What are the prime factors of 1028?
2, 257
What are the prime factors of 5981?
5981
List the prime factors of 19531.
19531
What are the prime factors of 1138?
2, 569
What are the prime factors of 64?
2
What are the prime factors of 23467?
31, 757
What are the prime factors of 9527?
7, 1361
What are the prime factors of 947?
947
What are the prime factors of 407?
11, 37
List the prime factors of 22650.
2, 3, 5, 151
List the prime factors of 135.
3, 5
What are the prime factors of 33601?
33601
What are the prime factors of 1089?
3, 11
What are the prime factors of 1480?
2, 5, 37
List the prime factors of 74975.
5, 2999
What are the prime factors of 82285?
5, 7, 2351
List the prime factors of 43301.
19, 43, 53
What are the prime factors of 2121?
3, 7, 101
List the prime factors of 132.
2, 3, 11
What are the prime factors of 14097?
3, 37, 127
What are the prime factors of 864?
2, 3
What are the prime factors of 86651?
73, 1187
List the prime factors of 48306.
2, 3, 83, 97
List the prime factors of 99036.
2, 3, 7, 131
What are the prime factors of 4669?
7, 23, 29
List the prime factors of 54184.
2, 13, 521
List the prime factors of 470.
2, 5, 47
What are the prime factors of 272?
2, 17
What are the prime factors of 132626?
2, 13, 5101
What are the prime factors of 1616?
2, 101
What are the prime factors of 350?
2, 5, 7
List the prime factors of 8849.
8849
List the prime factors of 5999.
7, 857
What are the prime factors of 682?
2, 11, 31
What are the prime factors of 5761?
7, 823
List the prime factors of 6110.
2, 5, 13, 47
What are the prime factors of 191?
191
What are the prime factors of 252?
2, 3, 7
What are the prime factors of 15604?
2, 47, 83
What are the prime factors of 17799?
3, 17, 349
List the prime factors of 24965.
5, 4993
What are the prime factors of 1026?
2, 3, 19
List the prime factors of 3637.
3637
What are the prime factors of 6873?
3, 29, 79
List the prime factors of 112954.
2, 56477
What are the prime factors of 2333?
2333
What are the prime factors of 1680?
2, 3, 5, 7
What are the prime factors of 48437?
48437
What are the prime factors of 3461?
3461
What are the prime factors of 2353?
13, 181
What are the prime factors of 1428?
2, 3, 7, 17
What are the prime factors of 14339?
13, 1103
What are the prime factors of 14988?
2, 3, 1249
What are the prime factors of 1839?
3, 613
List the prime factors of 9068.
2, 2267
List the prime factors of 13630.
2, 5, 29, 47
What are the prime factors of 30734?
2, 11, 127
What are the prime factors of 96075?
3, 5, 7, 61
List the prime factors of 638.
2, 11, 29
List the prime factors of 8943.
3, 11, 271
List the prime factors of 2359.
7, 337
List the prime factors of 27696.
2, 3, 577
What are the prime factors of 644?
2, 7, 23
List the prime factors of 13100.
2, 5, 131
What are the prime factors of 131460?
2, 3, 5, 7, 313
What are the prime factors of 1611?
3, 179
List the prime factors of 8882.
2, 4441
List the prime factors of 49839.
3, 37, 449
What are the prime factors of 49462?
2, 7, 3533
List the prime factors of 77542.
2, 137, 283
What are the prime factors of 1621?
1621
What are the prime factors of 7372?
2, 19, 97
List the prime factors of 3109.
3109
List the prime factors of 57696.
2, 3, 601
What are the prime factors of 38786?
2, 11, 41, 43
What are the prime factors of 3033?
3, 337
What are the prime factors of 1173?
3, 17, 23
List the prime factors of 677.
677
What are the prime factors of 1738?
2, 11, 79
Lis